 Suppose 0 = 84*m - 4352 - 1024. What is the remainder when m is divided by r?
12
Let f = 19 + 20. Let l = -18 + 18. Suppose l*x + 20 = 2*x. Calculate the remainder when f is divided by x.
9
Suppose 3*s + 3 = 0, -3*z + 20 + 87 = -5*s. Suppose 2*i + 2*f - 42 = -f, 5*i + f = 92. Calculate the remainder when z is divided by i.
16
Suppose -36*p + 1464 = 60. What is the remainder when 96 is divided by p?
18
Let g(i) = -i**2 - 11*i - 6. Let o be g(-4). Suppose -27*a + 535 = -o*a. What is the remainder when a is divided by 12?
11
Calculate the remainder when (25/10)/(65/4706) is divided by 108.
73
Let v(x) = -x**3 + 11*x**2 - 18*x + 16. Let p = 68 + -59. What is the remainder when 59 is divided by v(p)?
11
Suppose 0 = 5*d + 3*s - 8*s - 115, -2*d + 52 = 4*s. Calculate the remainder when 43 is divided by d.
19
Suppose 5*l = 2*l - 6. Let p be (2/10)/(3/45*3). What is the remainder when 7 is divided by p - l - (5 + -5)?
1
Let q = -54 + 295. What is the remainder when q is divided by 49?
45
Let p(f) = f**2 - 3*f - 53. Calculate the remainder when 69 is divided by p(12).
14
Let x = 11 - -31. What is the remainder when 376 is divided by x?
40
Suppose -3*p + 4*p - 3*h - 127 = 0, -4*p - 2*h = -564. Calculate the remainder when p is divided by 7.
6
Suppose 5*p = 8*p + 30. What is the remainder when (p + 8)/(-2 - (-20)/11) is divided by 8?
3
Suppose -3*k = 2*m - 1, 5*k + 6 = 1. Suppose m*f + 4*v = 12, 0 = -4*v - 8. What is the remainder when 19 is divided by f?
9
Let x(k) = 6*k - 4. Let h be x(14). Let q = h + -13. Let p = -37 - -60. Calculate the remainder when q is divided by p.
21
What is the remainder when 13/(-1 - (-6)/5) is divided by (204/60)/((-4)/(-20))?
14
Suppose 3*y - 297 = 3*f, 0 = -3*y + 2*y - 4. Let h = 156 + f. What is the remainder when h is divided by 18?
17
Suppose 896 = -11*p + 4*p. Let v = -97 - p. Let s = 40 - 29. Calculate the remainder when v is divided by s.
9
Let q be (-12)/(-18) - (-590)/6. Suppose -v + 13 = -0*k + 2*k, -k - 5*v = 7. Suppose -q = -d + k. Calculate the remainder when d is divided by 36.
35
Let q be -4 - (-15)/(-2 + 3). Let g = -8 + q. Let x(u) = u**3 + 4*u**2 - u - 2. Calculate the remainder when x(g) is divided by 15.
13
Suppose -110*f + 31*f = 29*f - 17172. Suppose -4*q + 5*p - 35 = -158, 5*p + 59 = 2*q. Calculate the remainder when f is divided by q.
31
Let t(k) = -9*k**3 - 2*k**2 - k. Suppose 0 = 2*y - 4*i + 2, y + 2*i = -0*i - 1. What is the remainder when t(y) is divided by 5?
3
Suppose 7*s + 8 - 43 = 0. Let w(f) = 1 - 2*f - s - 2 + 3*f. Calculate the remainder when 19 is divided by w(10).
3
Let p = 10 - -2. Suppose 3*q = 4*f - 170, -4*q + 0*q - 90 = -2*f. Let m = f - p. What is the remainder when m is divided by 6?
5
Suppose 5*y - 252 = -2*c + 1568, 5*y + 3*c = 1820. Calculate the remainder when y is divided by 74.
68
Suppose t - 100 = 3*t + 3*d, 0 = 2*t + 4*d + 100. Let q = t + 62. Calculate the remainder when 19 is divided by q.
7
Let d = 3 + -1. Suppose -2*a + 1 = -n, -a - 4 = -6*a + d*n. Calculate the remainder when 36 is divided by 15 + (-2)/a*2.
10
Suppose -2*f - 8 = -4*r, 0 = 3*f - 5*f - 2*r + 16. Suppose f*c - 64 = 2*c. What is the remainder when (-1)/(-2)*(125 + 1) is divided by c?
31
Suppose -3*h - 5*f = -5*h - 15, 2*f = -3*h + 6. Suppose h = -z - z - 10, 0 = 4*d - 4*z - 128. Calculate the remainder when d is divided by 14.
13
What is the remainder when 63 is divided by 2*((-410)/(-76) + 14/133)?
8
What is the remainder when (15 - -4)*3*4/4 is divided by 12?
9
Let b(x) = -x**3 - 7*x**2 + 2*x + 4. Let j be b(-7). Let s = j + 78. Let m = 38 + -20. Calculate the remainder when s is divided by m.
14
Suppose -x - 4*a = -a - 52, 59 = 2*x - 3*a. Calculate the remainder when 108 is divided by x.
34
Suppose -2*t - 100 = -12*t. Suppose 52 = 2*d + t. What is the remainder when 83 is divided by d?
20
Let b = -217 + 227. What is the remainder when 51 is divided by b?
1
Calculate the remainder when (-2)/(-16) - (0 + 23676/(-32)) is divided by 13.
12
Let m = -510 + 1637. Calculate the remainder when m is divided by 13.
9
Let k = 2333 - 2151. Calculate the remainder when k is divided by 37.
34
Let s be (-18)/(-12)*(-4)/(-2). Suppose 54 = s*x - 18. Suppose 4*b - 19 = -k, 4*b - x - 4 = -4*k. What is the remainder when 9 is divided by k?
0
Suppose -2*m - 9 - 5 = 0. What is the remainder when (-46)/(-6)*(4/(-1) - m) is divided by 9?
5
Let t = -146 + 314. What is the remainder when t is divided by 38?
16
Suppose -5 - 7 = -6*a. Let w(r) be the third derivative of -r**6/120 + r**5/20 + r**4/24 + r**3/6 - r**2. Calculate the remainder when 12 is divided by w(a).
5
Suppose 0 = -s + 4*s - 288. Suppose 106*g - 3*v + 88 = 110*g, 5*g - 141 = 4*v. Calculate the remainder when s is divided by g.
21
Let y(l) = -l**3 + 5*l**2 + 9*l - 4. Suppose -n - 103 = -4*p, -2 = -n - 1. Suppose 8*i - p = 7*i. Calculate the remainder when i is divided by y(6).
12
Let k = -229 + 265. What is the remainder when 67 is divided by k?
31
Let j = 5 - 2. Suppose 21 + 45 = j*y. Calculate the remainder when y is divided by 12.
10
What is the remainder when (-9 - -8)/(3/(-273)) is divided by 31?
29
Let d(a) = 2*a + 15. Let t be 192/36 + (-2)/(-3). Calculate the remainder when d(t) is divided by 15.
12
Let m = -301 + 319. Let n = 243 + -174. Calculate the remainder when n is divided by m.
15
Let s = -1377 + 1477. Calculate the remainder when 595 is divided by s.
95
Let t = 40 - 39. What is the remainder when 6 is divided by t?
0
Suppose 2*b - b + 178 = a, a + 5*b - 166 = 0. Calculate the remainder when a is divided by 20.
16
Let r be -3 - -7 - 6 - 2. What is the remainder when 18 is divided by (10/r)/((-1)/2)?
3
Let u = 426 - 239. What is the remainder when u is divided by 48?
43
Suppose 490 = 125*i - 115*i. Calculate the remainder when 191 is divided by i.
44
Suppose -5*g + 7*g - 44 = 0. Calculate the remainder when 79 is divided by g.
13
Calculate the remainder when 131 is divided by (206/(-7))/(274/(-959)).
28
Let z(w) = -10*w - 33. Let b = 23 + -33. Calculate the remainder when z(b) is divided by 7.
4
Let z be (2/6*0)/(-2). Suppose z = k - 0 - 7. Calculate the remainder when (-2 - 118/(-8)) + (-11)/(-44) is divided by k.
6
Let l(b) = -72*b. Suppose -25*a + 12 = -21*a, a = -3*q + 114. What is the remainder when l(-1) is divided by q?
35
Suppose 6*a - 674 = -152. What is the remainder when 87 is divided by a?
0
Let n = -2248 + 2710. Calculate the remainder when n is divided by 152.
6
Suppose -7*q + 9*q = 62. What is the remainder when q is divided by 6?
1
What is the remainder when 8 + -2 - (-106 + 4) is divided by 38?
32
Suppose -3*t + 2*k + 97 = 0, -7*t - k - 92 = -10*t. Calculate the remainder when 57 is divided by t.
28
Let m be (3 + (-18)/8)/((-1)/(-24)). Suppose m*y = 16*y + 10. Calculate the remainder when y is divided by 4.
1
Let j = -4 + 1. Suppose 2*a - 19 = -i, 4*i = -a - 0*i - 8. Let u = a + j. What is the remainder when 26 is divided by u?
8
Let a(t) = -t**2 - 16*t + 17. Let c(p) = p**2 + 15*p - 18. Let i(u) = 2*a(u) + 3*c(u). Calculate the remainder when i(-15) is divided by 9.
1
Suppose -3*b = -5*b - 116. Let m = -37 - b. What is the remainder when 82 is divided by m?
19
Suppose 4*p - 32 = 4*s, 0 = 3*s - 3 - 3. Let j = 15 - p. Suppose -3*n + 2*n = -j. Calculate the remainder when 18 is divided by n.
3
Suppose -4*a + 19 = -5. Let l(h) = 2*h**2 + 20*h + 5. Calculate the remainder when l(-11) is divided by a + (-3)/3 + 2.
6
Let p(k) = k**2 - k - 2. Calculate the remainder when p(5) is divided by (-4)/16*-18 + (-2)/(-4).
3
Let b be ((-153)/68)/((-2)/(-32)). What is the remainder when 40 is divided by b/8*98/(-21)?
19
Suppose 7*g + 10*g - 1785 = 0. Suppose 3*p - 6*p = -g. Calculate the remainder when p is divided by 2.
1
Let n = 15 + -13. Suppose -3*f + 27 = 7*h - 10*h, -5*f - n*h = -73. What is the remainder when 16 is divided by f?
3
Suppose -c - 1 = 1. Let u = c - -22. Calculate the remainder when 39 is divided by u.
19
What is the remainder when 523 is divided by (-85)/595 + (-1052)/(-14)?
73
Suppose 5*q - 7*w = 207 + 485, -5*w = 3*q - 360. What is the remainder when q is divided by 1/(-2)*(-44)/1?
20
Suppose -w + 382 + 222 = 3*n, 0 = -2*n + 4*w + 398. Calculate the remainder when n is divided by 70.
61
Let i(v) = -11*v - 17. Let d(h) = 33